 remainder when 714824 is divided by 15.
14
Calculate the remainder when 2703 is divided by 175.
78
Calculate the remainder when 40559 is divided by 30.
29
What is the remainder when 50237 is divided by 598?
5
Calculate the remainder when 2281 is divided by 268.
137
Calculate the remainder when 9473 is divided by 9010.
463
What is the remainder when 16255 is divided by 72?
55
What is the remainder when 48503 is divided by 388?
3
What is the remainder when 3534 is divided by 1766?
2
Calculate the remainder when 133459 is divided by 25.
9
Calculate the remainder when 4354 is divided by 544.
2
What is the remainder when 33830 is divided by 16?
6
Calculate the remainder when 1477 is divided by 187.
168
Calculate the remainder when 254366 is divided by 42392.
14
Calculate the remainder when 125531 is divided by 4.
3
Calculate the remainder when 25869 is divided by 41.
39
What is the remainder when 27095 is divided by 122?
11
What is the remainder when 11158 is divided by 3718?
4
Calculate the remainder when 4039 is divided by 1235.
334
Calculate the remainder when 1168936 is divided by 129881.
7
Calculate the remainder when 344703 is divided by 344694.
9
Calculate the remainder when 24963 is divided by 48.
3
What is the remainder when 70300 is divided by 229?
226
What is the remainder when 1449 is divided by 61?
46
What is the remainder when 274578 is divided by 137285?
8
Calculate the remainder when 12339 is divided by 493.
14
Calculate the remainder when 1444 is divided by 927.
517
What is the remainder when 15266 is divided by 466?
354
What is the remainder when 17855 is divided by 62?
61
Calculate the remainder when 8531 is divided by 10.
1
What is the remainder when 6353 is divided by 455?
438
Calculate the remainder when 1612 is divided by 32.
12
Calculate the remainder when 9809 is divided by 981.
980
Calculate the remainder when 5914 is divided by 61.
58
Calculate the remainder when 123 is divided by 11.
2
What is the remainder when 981238 is divided by 102?
100
Calculate the remainder when 3584924 is divided by 2094.
2090
What is the remainder when 8837 is divided by 54?
35
Calculate the remainder when 6198 is divided by 565.
548
Calculate the remainder when 144604 is divided by 36143.
32
What is the remainder when 60241 is divided by 21?
13
Calculate the remainder when 37898 is divided by 5.
3
Calculate the remainder when 13752 is divided by 46.
44
What is the remainder when 484 is divided by 129?
97
What is the remainder when 1592 is divided by 1592?
0
Calculate the remainder when 19115 is divided by 18.
17
What is the remainder when 4281 is divided by 63?
60
Calculate the remainder when 4933813 is divided by 5.
3
What is the remainder when 118584 is divided by 26?
24
What is the remainder when 21065 is divided by 4213?
0
What is the remainder when 198817 is divided by 10?
7
What is the remainder when 305547 is divided by 9856?
11
What is the remainder when 520446 is divided by 350?
346
What is the remainder when 3758 is divided by 140?
118
What is the remainder when 20802 is divided by 625?
177
Calculate the remainder when 344892 is divided by 492.
0
What is the remainder when 10337 is divided by 2582?
9
Calculate the remainder when 671 is divided by 550.
121
Calculate the remainder when 1092 is divided by 265.
32
What is the remainder when 50145 is divided by 302?
13
What is the remainder when 22504 is divided by 20?
4
Calculate the remainder when 4021 is divided by 1134.
619
Calculate the remainder when 2656 is divided by 420.
136
What is the remainder when 889298 is divided by 22?
14
What is the remainder when 317981 is divided by 29?
25
Calculate the remainder when 593228 is divided by 39.
38
What is the remainder when 7750 is divided by 1281?
64
Calculate the remainder when 12462 is divided by 103.
102
What is the remainder when 14507 is divided by 7028?
451
Calculate the remainder when 303649 is divided by 51.
46
Calculate the remainder when 2594879 is divided by 18.
17
What is the remainder when 13379 is divided by 12079?
1300
Calculate the remainder when 2878 is divided by 2852.
26
What is the remainder when 1486 is divided by 296?
6
What is the remainder when 26686 is divided by 1211?
44
Calculate the remainder when 31513 is divided by 31.
17
Calculate the remainder when 11104 is divided by 775.
254
What is the remainder when 1257 is divided by 687?
570
Calculate the remainder when 454591 is divided by 19.
16
Calculate the remainder when 84930 is divided by 14152.
18
What is the remainder when 287478 is divided by 40?
38
What is the remainder when 65520 is divided by 16377?
12
What is the remainder when 11564 is divided by 772?
756
Calculate the remainder when 9692 is divided by 1130.
652
Calculate the remainder when 57640 is divided by 3033.
13
Calculate the remainder when 20349 is divided by 318.
315
Calculate the remainder when 575512 is divided by 47959.
4
Calculate the remainder when 7348 is divided by 88.
44
What is the remainder when 1991 is divided by 109?
29
What is the remainder when 218390 is divided by 49?
46
Calculate the remainder when 145081 is divided by 72533.
15
What is the remainder when 1923077 is divided by 524?
521
What is the remainder when 295072 is divided by 145?
142
Calculate the remainder when 29781 is divided by 5952.
21
What is the remainder when 5726 is divided by 1426?
22
What is the remainder when 4657 is divided by 801?
652
Calculate the remainder when 1764 is divided by 16.
4
What is the remainder when 1528313 is divided by 17?
13
Calculate the remainder when 128857 is divided by 18.
13
Calculate the remainder when 15592 is divided by 243.
40
Calculate the remainder when 8891 is divided by 88.
3
What is the remainder when 10017 is divided by 708?
105
What is the remainder when 3936 is divided by 328?
0
What is the remainder when 91473 is divided by 30481?
30
What is the remainder when 2195 is divided by 168?
11
What is the remainder when 2332 is divided by 4?
0
What is the remainder when 3815 is divided by 52?
19
What is the remainder when 892797 is divided by 387?
375
What is the remainder when 224786 is divided by 177?
173
What is the remainder when 3021 is divided by 17?
12
What is the remainder when 1337292 is divided by 14?
12
Calculate the remainder when 500238 is divided by 520.
518
Calculate the remainder when 52043 is divided by 2.
1
What is the remainder when 7192 is divided by 313?
306
Calculate the remainder when 8619 is divided by 395.
324
Calculate the remainder when 66737 is divided by 2566.
21
What is the remainder when 436428 is divided by 191?
184
What is the remainder when 14841 is divided by 66?
57
Calculate the remainder when 28366 is divided by 173.
167
Calculate the remainder when 4392 is divided by 80.
72
What is the remainder when 102795 is divided by 4111?
20
Calculate the remainder when 5177 is divided by 740.
737
What is the remainder when 19944 is divided by 908?
876
Calculate the remainder when 256231 is divided by 418.
415
What is the remainder when 2777282 is divided by 511?
508
Calculate the remainder when 11343 is divided by 16.
15
What is the remainder when 111715 is divided by 15959?
2
What is the remainder when 742 is divided by 40?
22
Calculate the remainder when 527 is divided by 186.
155
What is the remainder when 32765 is divided by 10917?
14
Calculate the remainder when 19395 is divided by 183.
180
What is the remainder when 37184 is divided by 12?
8
What is the remainder when 164964 is divided by 199?
192
What is the remainder when 132495 is divided by 18?
15
Calculate the remainder when 19633 is divided by 262.
245
What is the remainder when 1825 is divided by 1276?
549
Calculate the remainder when 10621 is divided by 815.
26
Calculate the remainder when 4510 is divided by 2165.
180
Calculate the remainder when 11616 is divided by 142.
114
Calculate the remainder when 160881 is divided by 3741.
18
What is the remainder when 288069 is divided by 115?
109
What is the remainder when 5405 is divided by 14?
1
Calculate the remainder when 2803 is divided by 24.
19
What is the remainder when 4601 is divided by 123?
50
What is the remainder when 186413 is divided by 115?
113
Calculate the remainder when 7655 is divided by 1525.
30
Calculate the remainde